+ 1218. Suppose -3*p + m + a = -m, -391 = -3*p - m. What is the tens digit of p?
3
Let d(q) = 490*q**2 - 63*q - 57. What is the ten thousands digit of d(-6)?
1
Suppose f = s + 29728, -3*f + s = -8*f + 148604. What is the tens digit of f?
2
Suppose 0 = g - 1, 18*x - 4*g = 21*x + 3077. Let k = 1868 + x. What is the hundreds digit of k?
8
Suppose -2*r = 3*r + 4*h + 10, 0 = 3*h. Let o = r + -1. What is the units digit of (-4 - -2)/((6/16)/o)?
6
Suppose 3*y - 4*r + 1 = -6*r, -5*y - 5*r = 10. Suppose -4*j + 787 = -2*l - 2809, 3*j - y*l = 2697. What is the tens digit of j?
9
Let m be (-1 + 55/(-10))*-10. Let h = -62 + m. Suppose -h*c + 27 = -87. What is the units digit of c?
8
What is the thousands digit of 5/((-2)/5547*(-6)/4)?
9
Suppose -8 = 6*k + 34. What is the tens digit of (-3)/21 + (-2003)/k?
8
Let v(n) = 3*n - 22. Let a = 40 - 22. Suppose 2*w - w = a. What is the tens digit of v(w)?
3
Let g be -2 + (-1)/(-1) - -4 - -20. Let s = 11 + g. Suppose -3*k + 14 = -s. What is the units digit of k?
6
What is the units digit of (283200/(-8))/(-12)*(-12)/(-15)?
0
Suppose 4*x - 392 = 4*n, -2*x + 392 = -4*n - 3*x. Let w(h) = 14*h + 397. Let u be w(-32). Let p = u - n. What is the tens digit of p?
4
Suppose -80 = -0*f - 16*f. Let s(v) = 4*v**3 + 6*v**2 - 8*v - 2. What is the units digit of s(f)?
8
Suppose -109*p + 24114 - 77216 = -111*p. What is the units digit of p?
1
Suppose -13*w = 10622 + 38. What is the tens digit of (-8 - -3) + 6 + w/(-1)?
2
Suppose -6247 = -m - 3*z, 3*z - 76 = 3*m - 18769. What is the tens digit of m?
3
Let b(y) = -y**2 + 21*y - 12. Let c be b(20). Suppose -c + 16 = -2*f. What is the units digit of f - (3 + (-4 - 78))?
5
Suppose 4*g - 5*u - 198 = 3*g, 2*g - 5*u - 411 = 0. Let p be 1084/(-10) - 2/(-5). Let i = g + p. What is the tens digit of i?
0
Suppose -13*r = 3554 - 50393. Suppose 5*j = 2*i + r, -4*j - 5*i + 2881 = -8*i. What is the tens digit of j?
2
Let q = 5047 + -3606. What is the thousands digit of q?
1
Suppose 28*c - 6390 = 25*c. Suppose -2 = -n, 33*n = 5*g + 28*n - c. What is the tens digit of g?
2
Let f(q) = 1862*q - 159. What is the units digit of f(6)?
3
Let s(t) = 469*t + 13. Let y(o) = -30*o + 91. Let l be y(3). What is the units digit of s(l)?
2
Let x(w) = 48*w - 17. Let d be x(5). Let t = -126 + d. What is the tens digit of t?
9
Let v = -4185 + 7952. What is the tens digit of v?
6
Suppose 0*s + 3400 = 2*s. Suppose -4*l - 2*t + s = 0, -411 = -3*l + 3*t + 882. What is the hundreds digit of l?
4
Let d = 172 + -1403. Let c = 82 - d. What is the thousands digit of c?
1
Let f = 416 - 301. Suppose -5*c - 744 = -5*i + 546, 0 = i - 4*c - 249. Let h = i - f. What is the units digit of h?
6
Suppose 542457 = 18*g + 116433. What is the hundreds digit of g?
6
Suppose -5*g = -741 - 1239. What is the hundreds digit of g?
3
Suppose -4*b + 3*c = -5*b - 457, 4*b = -2*c - 1818. Let a = b - -1173. What is the hundreds digit of a?
7
Suppose 5*n = 10*n + 15. Let d(a) = -41*a + 10*a**2 - 2 + 64*a - 25*a. What is the tens digit of d(n)?
9
Let f = -15577 - -31054. What is the ten thousands digit of f?
1
Suppose -850*m - 147030 = -879*m. What is the hundreds digit of m?
0
Let j be ((-25)/(-10))/((-2)/4). Let z be 38/(-19)*j/2. Suppose -2*c = -x - z*c + 22, -2*c + 64 = 2*x. What is the tens digit of x?
3
Suppose -23 = -14*h + 19*h - 2*x, 24 = -5*h + x. What is the units digit of 22014/21 - (h - 222/(-42))?
8
Let u be 9/(-6)*(-16)/6. Suppose -5*i = i + u*i. Suppose 13*q + 252 - 811 = i. What is the tens digit of q?
4
Suppose 5*a = -24005 - 17995. Let s be (a/(-9))/5 + 2/(-3). Suppose 24 = x - s. What is the hundreds digit of x?
2
Suppose -253*o + 9239731 + 440835 - 884009 = 0. What is the tens digit of o?
6
Suppose 3*c - 10 = -z, 0 = z - 3*c - 0 + 2. Let u = 72 + -66. What is the tens digit of (-14)/u*z*-9?
8
Let k = -10492 - -24051. Suppose 66*f - 73*f + k = 0. What is the hundreds digit of f?
9
Let x(d) = -d**3 + 17*d**2 - 8*d - 3. Let j be x(11). Suppose 5*i - 730 - j = 0. What is the hundreds digit of i?
2
Let z = 11338 - 5690. What is the thousands digit of z?
5
Suppose -203247 + 11527 = -40*l. What is the thousands digit of l?
4
Let n(v) = 5*v - 6. Let p be n(1). Suppose 8*h - 224 = 120. Let k = h - p. What is the tens digit of k?
4
Let q(u) = 2*u + 8. Let h be q(-3). What is the tens digit of (161/(-46))/(h/(-148))?
5
Suppose -12*j + 8*j - 4*w - 372 = 0, -w = -4*j - 372. What is the tens digit of (-2 - -1)/(j/95790)?
3
Let k = 149 + -747. Let p = -363 - k. What is the tens digit of p?
3
Let g be 1*(-2)/(1 + -3). Suppose -5*u = 0, 3*f + g = -2*u + 19. Let p(v) = 3*v**2 - 12*v + 19. What is the units digit of p(f)?
5
Suppose -z = -36 + 35, -5*u + 9953 = -2*z. What is the thousands digit of u?
1
Suppose 0 = 3*i + d - 3886, 0*d = -4*i - 5*d + 5163. Let w = -889 + i. What is the hundreds digit of w?
4
Let h(a) be the second derivative of a**4/12 - a**3/3 + 6*a**2 - 20*a. Let x be h(10). Let c = 223 - x. What is the hundreds digit of c?
1
Suppose -1240 = 4*b + 348. Let n = -204 - b. What is the tens digit of n?
9
Suppose 4*i - 9*i + 36 = b, -5*b = 5*i - 80. Suppose -b*v = -v - 850. What is the units digit of v?
5
Suppose -u + 0*u = a - 1, 4*u - 40 = 5*a. Suppose -x + 13 = 3*b - 999, 0 = -u*b + 3*x + 1682. Let g = -168 + b. What is the units digit of g?
9
Let v(r) = -37*r**2 + r. Let p(b) = -7 + 7 - 1 - 36*b**2. Let u(y) = -5*p(y) + 4*v(y). What is the units digit of u(-1)?
3
Let b be 2/(-4)*-21*(-180)/(-54). Let a(z) = -603 + b*z**2 + 0*z + 601 + z. What is the tens digit of a(2)?
4
Suppose 0*v + 2*y - 4 = -2*v, -4*v = -y - 8. Let k be 1/v*16/4*-1. What is the tens digit of (-4)/(-12) + (k - (-191)/3)?
6
Suppose 674123 = 77*i + 56*i - 1133879. What is the hundreds digit of i?
5
Let r = 348 - 348. Suppose r = 5*o - 2593 + 888. What is the units digit of o?
1
Suppose m + 3 = 0, -7*a + 7515 = -4*a + 3*m. Let s = -1327 + a. What is the units digit of s?
1
Let k(g) = -g**2 + 10*g + 8132. What is the tens digit of k(0)?
3
Let y(u) be the second derivative of u**6/72 + 7*u**5/120 + u**4/12 + 5*u**3/3 + u. Let c(k) be the second derivative of y(k). What is the tens digit of c(-5)?
9
What is the units digit of ((-1014)/(-5))/((-2)/17 + (-54)/(-170))?
4
Suppose -4*c + 39 - 15 = -2*o, -5*c + 3 = 2*o. What is the units digit of 10/o - (-9176)/12?
3
Let y be (-2 - -3)/(4 - 44/12). Let n be y/(-9)*-6*(-2)/4. Let g = 150 - n. What is the units digit of g?
1
Suppose -5*z = -3*s + 25152, 89*s - 2*z + 25131 = 92*s. What is the units digit of s?
9
Let z = 55418 - 32222. What is the thousands digit of z?
3
Let b = 11 - 8. Suppose 0 = -2*r + z + 44, -b*r - 5*z + 20 + 33 = 0. Suppose r*o - 15*o = 900. What is the hundreds digit of o?
1
Let q = 246 - 244. What is the hundreds digit of 595*((-6)/(-2) - q) - -5?
6
Let k(a) = -a**3 - a**2 + a + 4. Let o be (-3*8/(-18))/((-9)/27). Let w be k(o). Let u = 66 + w. What is the units digit of u?
4
Suppose 3*t + 0*t + 9 = 0, -2*f + 922 = -4*t. Suppose -f = -5*j + 3245. What is the units digit of j?
0
Suppose 142*f = 7793134 + 1506162. What is the ten thousands digit of f?
6
Let d(t) = -t**3 - 6*t**2 - 12*t - 6. Suppose -5*w = -3*u - 454, 2*w + 2*u + 0*u = 188. Let n = w + -99. What is the hundreds digit of d(n)?
1
Let p(n) be the second derivative of n**5/20 - 3*n**4/4 - n. Let t be p(9). Suppose t = -6*i - 0*i + 246. What is the tens digit of i?
4
Let f be ((-7)/5)/((-4)/10)*-178. Let p = f - -1442. What is the tens digit of p?
1
Suppose -19*z - 133 = -494. What is the tens digit of 142 + z/(38/(-12))?
3
Let s = 61023 - 44589. What is the ten thousands digit of s?
1
Suppose 8*m - 16*m = -16. Let l be 6/8*m*-2. What is the tens digit of (25/(-4) - l)*24/(-6)?
1
Let g = 30043 - 14985. What is the thousands digit of g?
5
What is the units digit of 226652/(-4 + ((-120)/(-45))/(1/3))?
3
Let p be (-2)/10 - ((-298697)/35 + -6). Suppose -p - 16371 = -29*c. What is the hundreds digit of c?
8
Let y(l) = l + 18. Let h be y(-9). Suppose 10 = -p + h, n + 5*p = 1246. What is the units digit of n?
1
Let g = -36 - -34. Let v be (0/(0 + 3))/g. Suppose -3*q - 352 = -4*c, -4*c + 5*q + 176 + 168 = v. What is the units digit of c?
1
What is the ten thousands digit of 1993/(-8 - (-89)/11) + -4?
2
Suppose 24*j - 1731840 = -99*j. What is the te